{"id":404,"date":"2025-03-10T13:28:07","date_gmt":"2025-03-10T10:28:07","guid":{"rendered":"https:\/\/sigorta.nesiblog.com\/?page_id=404"},"modified":"2025-03-10T13:31:48","modified_gmt":"2025-03-10T10:31:48","slug":"nakliyat-sigortalari","status":"publish","type":"page","link":"https:\/\/sigorta.nesiblog.com\/?page_id=404","title":{"rendered":"Nakliyat\u00a0Sigortalar\u0131"},"content":{"rendered":"\n<p>Kara, deniz, hava ve demir yoluyla bir yerden di\u011fer bir yere ta\u015f\u0131nmakta olan her t\u00fcrl\u00fc y\u00fck\u00fcn, ta\u015f\u0131nmalar\u0131 s\u0131ras\u0131nda kar\u015f\u0131la\u015fabilecekleri<\/p>\n\n\n\n<p>tehlikelerden kaynaklanan hasarlara kar\u015f\u0131 teminat sa\u011flayan sigorta poli\u00e7esidir.<\/p>\n\n\n<div ><style>#sp-ea-406 .spcollapsing { height: 0; overflow: hidden; transition-property: height;transition-duration: 300ms;}#sp-ea-406.sp-easy-accordion>.sp-ea-single {margin-bottom: 10px; border: 1px solid #e2e2e2; }#sp-ea-406.sp-easy-accordion>.sp-ea-single>.ea-header a {color: #444;}#sp-ea-406.sp-easy-accordion>.sp-ea-single>.sp-collapse>.ea-body {background: #fff; color: #444;}#sp-ea-406.sp-easy-accordion>.sp-ea-single {background: #eee;}#sp-ea-406.sp-easy-accordion>.sp-ea-single>.ea-header a .ea-expand-icon { float: left; color: #444;font-size: 16px;}<\/style><div id=\"sp_easy_accordion-1741602498\"><div id=\"sp-ea-406\" class=\"sp-ea-one sp-easy-accordion\" data-ea-active=\"ea-click\" data-ea-mode=\"vertical\" data-preloader=\"\" data-scroll-active-item=\"\" data-offset-to-scroll=\"0\"><div class=\"ea-card ea-expand sp-ea-single\"><h3 class=\"ea-header\"><a class=\"collapsed\" id=\"ea-header-4060\" role=\"button\" data-sptoggle=\"spcollapse\" data-sptarget=\"#collapse4060\" aria-controls=\"collapse4060\" href=\"#\" aria-expanded=\"true\" tabindex=\"0\"><i aria-hidden=\"true\" role=\"presentation\" class=\"ea-expand-icon eap-icon-ea-expand-minus\"><\/i> Emtia(Y\u00fck) Sigortas\u0131<\/a><\/h3><div class=\"sp-collapse spcollapse collapsed show\" id=\"collapse4060\" data-parent=\"#sp-ea-406\" role=\"region\" aria-labelledby=\"ea-header-4060\"> <div class=\"ea-body\"><p>Emtia Sigortas\u0131; Ticari nitelikte bir emtian\u0131n, onu ta\u015f\u0131maya uygun denizyolu, karayolu ve havayolu vas\u0131talar\u0131yla nakledilmesi esnas\u0131nda maruz kalabilecekleri hasar ve kay\u0131plara kar\u015f\u0131 genel ve \u00f6zel \u015fartlar \u00e7er\u00e7evesinde yap\u0131lan sigortas\u0131d\u0131r.<\/p><\/div><\/div><\/div><div class=\"ea-card sp-ea-single\"><h3 class=\"ea-header\"><a class=\"collapsed\" id=\"ea-header-4061\" role=\"button\" data-sptoggle=\"spcollapse\" data-sptarget=\"#collapse4061\" aria-controls=\"collapse4061\" href=\"#\" aria-expanded=\"false\" tabindex=\"0\"><i aria-hidden=\"true\" role=\"presentation\" class=\"ea-expand-icon eap-icon-ea-expand-plus\"><\/i> K\u0131ymet Sigortalar\u0131<\/a><\/h3><div class=\"sp-collapse spcollapse \" id=\"collapse4061\" data-parent=\"#sp-ea-406\" role=\"region\" aria-labelledby=\"ea-header-4061\"> <div class=\"ea-body\"><p>Deniz, kara veya havayolu ile ki\u015filer beraberinde ta\u015f\u0131nan nakit para, k\u00fcl\u00e7e alt\u0131n, g\u00fcm\u00fc\u015f ve bunlardan bas\u0131lm\u0131\u015f para veya sikke, m\u00fccevher, tahvil, bono, senet, \u00e7ek gibi de\u011ferli ka\u011f\u0131tlar ile d\u00f6viz ve efektiflerin nakillerinde k\u0131ymetin teminat al\u0131nmas\u0131n\u0131 sa\u011flar<\/p><\/div><\/div><\/div><div class=\"ea-card sp-ea-single\"><h3 class=\"ea-header\"><a class=\"collapsed\" id=\"ea-header-4062\" role=\"button\" data-sptoggle=\"spcollapse\" data-sptarget=\"#collapse4062\" aria-controls=\"collapse4062\" href=\"#\" aria-expanded=\"false\" tabindex=\"0\"><i aria-hidden=\"true\" role=\"presentation\" class=\"ea-expand-icon eap-icon-ea-expand-plus\"><\/i> Yat Sigortalar\u0131<\/a><\/h3><div class=\"sp-collapse spcollapse \" id=\"collapse4062\" data-parent=\"#sp-ea-406\" role=\"region\" aria-labelledby=\"ea-header-4062\"> <div class=\"ea-body\"><p>Tekne\/yat ve bunlar\u0131n makinelerinin, poli\u00e7ede yaz\u0131l\u0131 olan co\u011frafi alana uygun olarak, seyr\u00fcsefer halinde veya yatma mahallinde veya \u00e7ekek yerine \u00e7ekilirken veya indirilirken veya karada \u00e7ekiliyken kar\u015f\u0131la\u015fabilece\u011fi risklere teminat verir.<\/p><\/div><\/div><\/div><\/div><\/div><\/div>","protected":false},"excerpt":{"rendered":"<p>Kara, deniz, hava ve demir yoluyla bir yerden di\u011fer bir yere ta\u015f\u0131nmakta olan her t\u00fcrl\u00fc y\u00fck\u00fcn, ta\u015f\u0131nmalar\u0131 s\u0131ras\u0131nda kar\u015f\u0131la\u015fabilecekleri tehlikelerden kaynaklanan hasarlara kar\u015f\u0131 teminat sa\u011flayan sigorta poli\u00e7esidir.<\/p>\n","protected":false},"author":1,"featured_media":0,"parent":0,"menu_order":0,"comment_status":"closed","ping_status":"closed","template":"","meta":{"footnotes":""},"class_list":["post-404","page","type-page","status-publish","hentry"],"_links":{"self":[{"href":"https:\/\/sigorta.nesiblog.com\/index.php?rest_route=\/wp\/v2\/pages\/404","targetHints":{"allow":["GET"]}}],"collection":[{"href":"https:\/\/sigorta.nesiblog.com\/index.php?rest_route=\/wp\/v2\/pages"}],"about":[{"href":"https:\/\/sigorta.nesiblog.com\/index.php?rest_route=\/wp\/v2\/types\/page"}],"author":[{"embeddable":true,"href":"https:\/\/sigorta.nesiblog.com\/index.php?rest_route=\/wp\/v2\/users\/1"}],"replies":[{"embeddable":true,"href":"https:\/\/sigorta.nesiblog.com\/index.php?rest_route=%2Fwp%2Fv2%2Fcomments&post=404"}],"version-history":[{"count":2,"href":"https:\/\/sigorta.nesiblog.com\/index.php?rest_route=\/wp\/v2\/pages\/404\/revisions"}],"predecessor-version":[{"id":409,"href":"https:\/\/sigorta.nesiblog.com\/index.php?rest_route=\/wp\/v2\/pages\/404\/revisions\/409"}],"wp:attachment":[{"href":"https:\/\/sigorta.nesiblog.com\/index.php?rest_route=%2Fwp%2Fv2%2Fmedia&parent=404"}],"curies":[{"name":"wp","href":"https:\/\/api.w.org\/{rel}","templated":true}]}}