{"id":417,"date":"2025-03-10T13:34:37","date_gmt":"2025-03-10T10:34:37","guid":{"rendered":"https:\/\/sigorta.nesiblog.com\/?page_id=417"},"modified":"2025-03-10T13:34:38","modified_gmt":"2025-03-10T10:34:38","slug":"ferdi-kaza-sigortasi","status":"publish","type":"page","link":"https:\/\/sigorta.nesiblog.com\/?page_id=417","title":{"rendered":"Ferdi Kaza\u00a0\u00a0Sigortas\u0131\u00a0"},"content":{"rendered":"\n<p>Ki\u015finin poli\u00e7e kapsam\u0131nda tan\u0131mlanan bir kaza nedeniyle, \u00f6l\u00fcm\u00fc, ge\u00e7ici veya s\u00fcrekli i\u015f g\u00f6rme yetene\u011fini kaybetmesi sonucu teminat kapsam\u0131nda belirlenen tutar kadar mebla\u011f \u00f6demeyi taahh\u00fct eden sigorta poli\u00e7esidir.&nbsp;<\/p>\n\n\n\n<p><strong>\u00c7ocuklar\u0131m\u0131z\u0131n gelece\u011fini g\u00fcvence alt\u0131na alan \u201cE\u011e\u0130T\u0130M S\u0130GORTASI\u201d bu bran\u015f alt\u0131nda yer almaktad\u0131r.<\/strong><\/p>\n\n\n\n<p><strong>E\u011e\u0130T\u0130M S\u0130GORTASI<\/strong><\/p>\n\n\n\n<p>E\u011fitim Sigortas\u0131; sigortal\u0131n\u0131n kaza, deprem veya ter\u00f6r sald\u0131r\u0131s\u0131 sonucu meydana gelebilecek ya\u015fam kayb\u0131 veya s\u00fcrekli sakatl\u0131\u011f\u0131 durumunda sigorta kapsam\u0131ndaki \u00e7ocu\u011fun bak\u0131m ve e\u011fitim masraflar\u0131n\u0131, poli\u00e7ede belirlenen s\u00fcre ve teminat tutar\u0131 dahilinde teminat alt\u0131na almaktad\u0131r.<\/p>\n\n\n\n<p>Bu poli\u00e7e sayesinde \u00e7ocuklar\u0131n\u0131z\u0131n e\u011fitimi ve gelece\u011fi garanti alt\u0131nda olacakt\u0131r. E\u011fitim&nbsp;\u00e7a\u011f\u0131ndaki \u00e7ocuklara y\u00f6nelik, \u00e7ocu\u011fun gidece\u011fi ya da devam etmekte oldu\u011fu okulun y\u0131ll\u0131k giderlerini g\u00fcvence alt\u0131na almay\u0131 ama\u00e7layan E\u011fitim Giderleri Sigortas\u0131 \u00f6zel teminat, prim ve avantajlarla sizlerin hizmetindedir.<\/p>\n\n\n\n<p><strong>Sadece 1 defa \u00f6deme yaparak<\/strong>&nbsp;\u00e7ocu\u011funuzun gelece\u011fini 1 y\u0131ldan 20 y\u0131la istedi\u011finiz vadelerde g\u00fcvence alt\u0131na alabilirsiniz.<\/p>\n\n\n\n<p><strong>Kimler yararlanabilir?<\/strong><\/p>\n\n\n\n<p>18 ile 65 ya\u015f aras\u0131ndays\u0131n\u0131z, E\u011fitim Sigortas\u0131\u2019ndan faydalanabilirsiniz.<\/p>\n\n\n\n<p><strong>Poli\u00e7enin s\u00fcresi ne kadar?<\/strong><\/p>\n\n\n\n<p>\u00d6\u011frencinin \u00f6\u011frenim s\u00fcresine g\u00f6re 1 y\u0131ldan 20 y\u0131la istedi\u011finiz vadelerde belirleyebilirsiniz.<\/p>\n\n\n\n<p><strong>Prim ve limit neye g\u00f6re belirleniyor?<\/strong><\/p>\n\n\n\n<p>\u00c7ocu\u011funuzun e\u011fitimini tamamlamas\u0131 i\u00e7in kalan y\u0131la g\u00f6re y\u0131ll\u0131k \u00f6denmesini istedi\u011finiz limit do\u011frultusunda belirleyebilirsiniz.<\/p>\n\n\n\n<p><strong>E\u011fitim Sigortas\u0131nda her y\u0131l prim \u00f6denecek midir?<\/strong><\/p>\n\n\n\n<p>Poli\u00e7e ba\u015flang\u0131c\u0131nda sadece bir kez \u00f6denecek olup, takip eden y\u0131llar i\u00e7in herhangi bir \u00f6deme yap\u0131lmayacakt\u0131r.<\/p>\n\n\n\n<p><strong>Riskin ger\u00e7ekle\u015fmesi durumunda ne kadar \u00f6deme yap\u0131l\u0131r?<\/strong><\/p>\n\n\n\n<p>Riskin ger\u00e7ekle\u015fti\u011fi tarihten itibaren \u00e7ocu\u011fun geriye kalan \u00f6\u011frenim s\u00fcresi ve se\u00e7ilmi\u015f olan teminat s\u00fcresi g\u00f6z \u00f6n\u00fcne al\u0131narak her y\u0131l, se\u00e7ilen limitler \u00e7er\u00e7evesinde \u00f6deme yap\u0131l\u0131r.<\/p>\n\n\n\n<p><strong>Herhangi bir kaza durumunda \u00f6deme kime yap\u0131lacak?<\/strong><\/p>\n\n\n\n<p>\u00d6deme lehdar olarak g\u00f6sterilen \u00f6\u011frenciye, e\u011fer \u00f6\u011frenci re\u015fit de\u011fil ise, kanuni velayet sahibine, onun bulunmamas\u0131 halinde vesayet sahibine yap\u0131l\u0131r.<\/p>\n","protected":false},"excerpt":{"rendered":"<p>Ki\u015finin poli\u00e7e kapsam\u0131nda tan\u0131mlanan bir kaza nedeniyle, \u00f6l\u00fcm\u00fc, ge\u00e7ici veya s\u00fcrekli i\u015f g\u00f6rme yetene\u011fini kaybetmesi sonucu teminat kapsam\u0131nda belirlenen tutar kadar mebla\u011f \u00f6demeyi taahh\u00fct eden sigorta poli\u00e7esidir.&nbsp; \u00c7ocuklar\u0131m\u0131z\u0131n gelece\u011fini g\u00fcvence alt\u0131na alan \u201cE\u011e\u0130T\u0130M S\u0130GORTASI\u201d bu bran\u015f alt\u0131nda yer almaktad\u0131r. E\u011e\u0130T\u0130M<\/p>\n","protected":false},"author":1,"featured_media":418,"parent":0,"menu_order":0,"comment_status":"closed","ping_status":"closed","template":"","meta":{"footnotes":""},"class_list":["post-417","page","type-page","status-publish","has-post-thumbnail","hentry"],"_links":{"self":[{"href":"https:\/\/sigorta.nesiblog.com\/index.php?rest_route=\/wp\/v2\/pages\/417","targetHints":{"allow":["GET"]}}],"collection":[{"href":"https:\/\/sigorta.nesiblog.com\/index.php?rest_route=\/wp\/v2\/pages"}],"about":[{"href":"https:\/\/sigorta.nesiblog.com\/index.php?rest_route=\/wp\/v2\/types\/page"}],"author":[{"embeddable":true,"href":"https:\/\/sigorta.nesiblog.com\/index.php?rest_route=\/wp\/v2\/users\/1"}],"replies":[{"embeddable":true,"href":"https:\/\/sigorta.nesiblog.com\/index.php?rest_route=%2Fwp%2Fv2%2Fcomments&post=417"}],"version-history":[{"count":1,"href":"https:\/\/sigorta.nesiblog.com\/index.php?rest_route=\/wp\/v2\/pages\/417\/revisions"}],"predecessor-version":[{"id":419,"href":"https:\/\/sigorta.nesiblog.com\/index.php?rest_route=\/wp\/v2\/pages\/417\/revisions\/419"}],"wp:featuredmedia":[{"embeddable":true,"href":"https:\/\/sigorta.nesiblog.com\/index.php?rest_route=\/wp\/v2\/media\/418"}],"wp:attachment":[{"href":"https:\/\/sigorta.nesiblog.com\/index.php?rest_route=%2Fwp%2Fv2%2Fmedia&parent=417"}],"curies":[{"name":"wp","href":"https:\/\/api.w.org\/{rel}","templated":true}]}}